{"id":688,"date":"2017-02-10T21:52:30","date_gmt":"2017-02-10T21:52:30","guid":{"rendered":"http:\/\/www.apps.iser.edu.co\/sig\/?page_id=688"},"modified":"2024-08-06T16:58:46","modified_gmt":"2024-08-06T16:58:46","slug":"formatos-2","status":"publish","type":"page","link":"https:\/\/sig.iser.edu.co\/index.php\/formatos-2\/","title":{"rendered":"FORMATOS BIENESTAR INSTITUCIONAL"},"content":{"rendered":"<table width=\"100%\">\n<tbody>\n<tr>\n<td width=\"16%\">\n<p style=\"text-align: center;\"><strong>C\u00d3DIGO<\/strong><\/p>\n<\/td>\n<td width=\"53%\">\n<p style=\"text-align: center;\"><strong>NOMBRE DEL DOCUMENTO<\/strong><\/p>\n<\/td>\n<td width=\"14%\">\n<p style=\"text-align: center;\"><strong>VERSI\u00d3N<\/strong><\/p>\n<\/td>\n<td width=\"14%\">\n<p style=\"text-align: center;\"><strong>FECHA<\/strong><\/p>\n<\/td>\n<\/tr>\n<tr>\n<td width=\"16%\">\n<p style=\"text-align: center;\">F-BI-01<\/p>\n<\/td>\n<td width=\"53%\"><a href=\"https:\/\/sig.iser.edu.co\/wp-content\/uploads\/2024\/08\/F-BI-01-Registro-de-Asistencia-v03.xlsx\">Registro de Asistencia<\/a><\/td>\n<td width=\"14%\">\n<p style=\"text-align: center;\">03<\/p>\n<\/td>\n<td width=\"14%\">\n<p style=\"text-align: center;\">01\/08\/2024<\/p>\n<\/td>\n<\/tr>\n<tr>\n<td width=\"16%\">\n<p style=\"text-align: center;\">F-BI-03<\/p>\n<\/td>\n<td width=\"53%\"><a href=\"https:\/\/sig.iser.edu.co\/wp-content\/uploads\/2024\/08\/F-BI-03-Entrega-y-Devoluci\u00f3n-de-Habitaciones-de-Residencia-v02.docx\">Entrega y Devoluci\u00f3n de Habitaciones de Residencia<\/a><\/td>\n<td width=\"14%\">\n<p style=\"text-align: center;\">02<\/p>\n<\/td>\n<td width=\"14%\">\n<p style=\"text-align: center;\">01\/08\/2024<\/p>\n<\/td>\n<\/tr>\n<tr>\n<td width=\"16%\">\n<p style=\"text-align: center;\">F-BI-04<\/p>\n<\/td>\n<td width=\"53%\"><a href=\"https:\/\/sig.iser.edu.co\/wp-content\/uploads\/2024\/08\/F-BI-04-Registro-de-Salida-y-Llegada-de-Estudiantes-Residentes-v02.docx\">Registro de Salida y Llegada de Estudiantes Residentes<\/a><\/td>\n<td width=\"14%\">\n<p style=\"text-align: center;\">02<\/p>\n<\/td>\n<td width=\"14%\">\n<p style=\"text-align: center;\">01\/08\/2024<\/p>\n<\/td>\n<\/tr>\n<tr>\n<td width=\"16%\">\n<p style=\"text-align: center;\">F-BI-05<\/p>\n<\/td>\n<td width=\"53%\"><a href=\"https:\/\/sig.iser.edu.co\/wp-content\/uploads\/2024\/08\/F-BI-05-Control-de-Cumplimiento-Manual-de-Convivencia-v02.docx\">Control de Cumplimiento Manual de Convivencia<\/a><\/td>\n<td width=\"14%\">\n<p style=\"text-align: center;\">02<\/p>\n<\/td>\n<td width=\"14%\">\n<p style=\"text-align: center;\">01\/08\/2024<\/p>\n<\/td>\n<\/tr>\n<tr>\n<td width=\"16%\">\n<p style=\"text-align: center;\">F-BI-06<\/p>\n<\/td>\n<td width=\"53%\"><a href=\"https:\/\/sig.iser.edu.co\/wp-content\/uploads\/2024\/08\/F-BI-06-Revisi\u00f3n-de-Habitaciones-v02.docx\">Revisi\u00f3n de Habitaciones<\/a><\/td>\n<td width=\"14%\">\n<p style=\"text-align: center;\">02<\/p>\n<\/td>\n<td width=\"14%\">\n<p style=\"text-align: center;\">01\/08\/2024<\/p>\n<\/td>\n<\/tr>\n<tr>\n<td width=\"16%\">\n<p style=\"text-align: center;\">F-BI-07<\/p>\n<\/td>\n<td width=\"53%\"><a href=\"https:\/\/sig.iser.edu.co\/wp-content\/uploads\/2024\/08\/F-BI-07-Paz-y-Salvo-para-Residencias-v02.docx\">Paz y Salvo para Residencias<\/a><\/td>\n<td width=\"14%\">\n<p style=\"text-align: center;\">02<\/p>\n<\/td>\n<td width=\"14%\">\n<p style=\"text-align: center;\">01\/08\/2024<\/p>\n<\/td>\n<\/tr>\n<tr>\n<td width=\"16%\">\n<p style=\"text-align: center;\">F-BI-08<\/p>\n<\/td>\n<td width=\"53%\"><a href=\"https:\/\/sig.iser.edu.co\/wp-content\/uploads\/2024\/08\/F-BI-08-Evaluaci\u00f3n-Servicio-de-Residencias-v02.docx\">Evaluaci\u00f3n Servicio de Residencias<\/a><\/td>\n<td width=\"14%\">\n<p style=\"text-align: center;\">02<\/p>\n<\/td>\n<td width=\"14%\">\n<p style=\"text-align: center;\">01\/08\/2024<\/p>\n<\/td>\n<\/tr>\n<tr>\n<td width=\"16%\">\n<p style=\"text-align: center;\">F-BI-09<\/p>\n<\/td>\n<td width=\"53%\"><a href=\"https:\/\/sig.iser.edu.co\/wp-content\/uploads\/2024\/08\/F-BI-09-Reporte-de-Estudiantes-en-Riesgo-de-Deserci\u00f3n-v03.docx\">Reporte de Estudiantes en Riesgo de Deserci\u00f3n<\/a><\/td>\n<td width=\"14%\">\n<p style=\"text-align: center;\">03<\/p>\n<\/td>\n<td width=\"14%\">\n<p style=\"text-align: center;\">01\/08\/2024<\/p>\n<\/td>\n<\/tr>\n<tr>\n<td width=\"16%\">\n<p style=\"text-align: center;\">F-BI-10<\/p>\n<\/td>\n<td width=\"53%\"><a href=\"https:\/\/sig.iser.edu.co\/wp-content\/uploads\/2024\/08\/F-BI-10-Seguimiento-Estudiantil-v03.xlsx\">Seguimiento Estudiantil<\/a><\/td>\n<td width=\"14%\">\n<p style=\"text-align: center;\">03<\/p>\n<\/td>\n<td width=\"14%\">\n<p style=\"text-align: center;\">01\/08\/2024<\/p>\n<\/td>\n<\/tr>\n<tr>\n<td width=\"16%\">\n<p style=\"text-align: center;\">F-BI-11<\/p>\n<\/td>\n<td width=\"53%\"><a href=\"https:\/\/sig.iser.edu.co\/wp-content\/uploads\/2024\/08\/F-BI-11-Conformaci\u00f3n-de-Selecciones-Deportivas-y_o-Grupos-Culturales-v03.docx\">Conformaci\u00f3n de Selecciones Deportivas y\/o Grupos Culturales<\/a><\/td>\n<td width=\"14%\">\n<p style=\"text-align: center;\">03<\/p>\n<\/td>\n<td width=\"14%\">\n<p style=\"text-align: center;\">01\/08\/2024<\/p>\n<\/td>\n<\/tr>\n<tr>\n<td width=\"16%\">\n<p style=\"text-align: center;\">F-BI-12<\/p>\n<\/td>\n<td width=\"53%\"><a href=\"https:\/\/sig.iser.edu.co\/wp-content\/uploads\/2024\/08\/F-BI-12-Informe-de-Actividades-de-Bienestar-v02.docx\">Informe de Actividades de Bienestar<\/a><\/td>\n<td width=\"14%\">\n<p style=\"text-align: center;\">02<\/p>\n<\/td>\n<td width=\"14%\">\n<p style=\"text-align: center;\">01\/08\/2024<\/p>\n<\/td>\n<\/tr>\n<tr>\n<td width=\"16%\">\n<p style=\"text-align: center;\">F-BI-13<\/p>\n<\/td>\n<td width=\"53%\"><a href=\"https:\/\/sig.iser.edu.co\/wp-content\/uploads\/2024\/08\/F-BI-13-Pr\u00e9stamo-de-Art\u00edculos-de-Bienestar-v02.docx\">Pr\u00e9stamo de Art\u00edculos de Bienestar<\/a><\/td>\n<td width=\"14%\">\n<p style=\"text-align: center;\">02<\/p>\n<\/td>\n<td width=\"14%\">\n<p style=\"text-align: center;\">01\/08\/2024<\/p>\n<\/td>\n<\/tr>\n<tr>\n<td width=\"16%\">\n<p style=\"text-align: center;\">F-BI-15<\/p>\n<\/td>\n<td width=\"53%\"><a href=\"https:\/\/sig.iser.edu.co\/wp-content\/uploads\/2024\/08\/F-BI-15-Ficha-de-Afiliaci\u00f3n-Centro-de-Acondicionamiento-y-Preparaci\u00f3n-F\u00edsica-\u2013-SAI-v02.docx\">Ficha de Afiliaci\u00f3n Centro de Acondicionamiento y Preparaci\u00f3n F\u00edsica \u2013 SAI<\/a><\/td>\n<td width=\"14%\">\n<p style=\"text-align: center;\">02<\/p>\n<\/td>\n<td width=\"14%\">\n<p style=\"text-align: center;\">01\/08\/2024<\/p>\n<\/td>\n<\/tr>\n<tr>\n<td width=\"16%\">\n<p style=\"text-align: center;\">F-BI-16<\/p>\n<\/td>\n<td width=\"53%\"><a href=\"https:\/\/sig.iser.edu.co\/wp-content\/uploads\/2024\/08\/F-BI-16-Ficha-de-Valoraci\u00f3n-v02.docx\">Ficha de Valoraci\u00f3n<\/a><\/td>\n<td width=\"14%\">\n<p style=\"text-align: center;\">02<\/p>\n<\/td>\n<td width=\"14%\">\n<p style=\"text-align: center;\">01\/08\/2024<\/p>\n<\/td>\n<\/tr>\n<tr>\n<td width=\"16%\">\n<p style=\"text-align: center;\">F-BI-17<\/p>\n<\/td>\n<td width=\"53%\"><a href=\"https:\/\/sig.iser.edu.co\/wp-content\/uploads\/2024\/08\/F-BI-17-Boleta-de-Asignaci\u00f3n-de-Cita-v02.docx\">Boleta de Asignaci\u00f3n de Cita<\/a><\/td>\n<td width=\"14%\">\n<p style=\"text-align: center;\">02<\/p>\n<\/td>\n<td width=\"14%\">\n<p style=\"text-align: center;\">01\/08\/2024<\/p>\n<\/td>\n<\/tr>\n<tr>\n<td width=\"16%\">\n<p style=\"text-align: center;\">F-BI-18<\/p>\n<\/td>\n<td width=\"53%\"><a href=\"https:\/\/sig.iser.edu.co\/wp-content\/uploads\/2024\/08\/F-BI-18-Asistencia-a-los-Servicios-de-Salud-v02.docx\">Asistencia a los Servicios de Salud<\/a><\/td>\n<td width=\"14%\">\n<p style=\"text-align: center;\">02<\/p>\n<\/td>\n<td width=\"14%\">\n<p style=\"text-align: center;\">01\/08\/2024<\/p>\n<\/td>\n<\/tr>\n<tr>\n<td width=\"16%\">\n<p style=\"text-align: center;\">F-BI-19<\/p>\n<\/td>\n<td width=\"53%\"><a href=\"https:\/\/sig.iser.edu.co\/wp-content\/uploads\/2024\/08\/F-BI-19-Evaluaci\u00f3n-Servicios-de-Salud-v03.docx\">Evaluaci\u00f3n Servicios de Salud<\/a><\/td>\n<td width=\"14%\">\n<p style=\"text-align: center;\">03<\/p>\n<\/td>\n<td width=\"14%\">\n<p style=\"text-align: center;\">01\/08\/2024<\/p>\n<\/td>\n<\/tr>\n<tr>\n<td width=\"16%\">\n<p style=\"text-align: center;\">F-BI-20<\/p>\n<\/td>\n<td width=\"53%\"><a href=\"https:\/\/sig.iser.edu.co\/wp-content\/uploads\/2024\/08\/F-BI-20-Registro-y-Seguimiento-de-Emergencias-M\u00e9dicas-v02.docx\">Registro y Seguimiento de Emergencias M\u00e9dicas<\/a><\/td>\n<td width=\"14%\">\n<p style=\"text-align: center;\">02<\/p>\n<\/td>\n<td width=\"14%\">\n<p style=\"text-align: center;\">01\/08\/2024<\/p>\n<\/td>\n<\/tr>\n<tr>\n<td width=\"16%\">\n<p style=\"text-align: center;\">F-BI-21<\/p>\n<\/td>\n<td width=\"53%\"><a href=\"https:\/\/sig.iser.edu.co\/wp-content\/uploads\/2024\/08\/F-BI-21-Reporte-de-Casos-de-Violencia-Sexual-y-de-G\u00e9nero-v02.docx\">Reporte de Casos de Violencia Sexual y de G\u00e9nero<\/a><\/td>\n<td width=\"14%\">\n<p style=\"text-align: center;\">02<\/p>\n<\/td>\n<td width=\"14%\">\n<p style=\"text-align: center;\">01\/08\/2024<\/p>\n<\/td>\n<\/tr>\n<tr>\n<td width=\"16%\">\n<p style=\"text-align: center;\">F-BI-22<\/p>\n<\/td>\n<td width=\"53%\"><a href=\"https:\/\/sig.iser.edu.co\/wp-content\/uploads\/2024\/08\/F-BI-22-Consentimiento-Informado-Orientaci\u00f3n-Psicol\u00f3gica-v02.docx\">Consentimiento Informado Orientaci\u00f3n Psicol\u00f3gica<\/a><\/td>\n<td width=\"14%\">\n<p style=\"text-align: center;\">02<\/p>\n<\/td>\n<td width=\"14%\">\n<p style=\"text-align: center;\">01\/08\/2024<\/p>\n<\/td>\n<\/tr>\n<tr>\n<td width=\"16%\">\n<p style=\"text-align: center;\">F-BI-25<\/p>\n<\/td>\n<td width=\"53%\"><a href=\"https:\/\/sig.iser.edu.co\/wp-content\/uploads\/2024\/08\/F-BI-25-Uso-de-Salas-de-Estudio-SAI-v02.docx\">Uso de Salas de Estudio &#8211; SAI<\/a><\/td>\n<td width=\"14%\">\n<p style=\"text-align: center;\">02<\/p>\n<\/td>\n<td width=\"14%\">\n<p style=\"text-align: center;\">01\/08\/2024<\/p>\n<\/td>\n<\/tr>\n<\/tbody>\n<\/table>\n","protected":false},"excerpt":{"rendered":"<p>C\u00d3DIGO NOMBRE DEL DOCUMENTO VERSI\u00d3N FECHA F-BI-01 Registro de Asistencia 03 01\/08\/2024 F-BI-03 Entrega y Devoluci\u00f3n de Habitaciones de Residencia 02 01\/08\/2024 F-BI-04 Registro de Salida y Llegada de Estudiantes Residentes 02 01\/08\/2024 F-BI-05 Control de Cumplimiento Manual de Convivencia 02 01\/08\/2024 F-BI-06 Revisi\u00f3n de Habitaciones 02 01\/08\/2024 F-BI-07 Paz y Salvo para Residencias 02 <a href=\"https:\/\/sig.iser.edu.co\/index.php\/formatos-2\/\" rel=\"nofollow\"><span class=\"sr-only\">Read more about FORMATOS BIENESTAR INSTITUCIONAL<\/span>[&#8230;]<\/a><\/p>\n","protected":false},"author":1,"featured_media":0,"parent":0,"menu_order":0,"comment_status":"closed","ping_status":"closed","template":"","meta":{"footnotes":""},"class_list":["post-688","page","type-page","status-publish","hentry"],"_links":{"self":[{"href":"https:\/\/sig.iser.edu.co\/index.php\/wp-json\/wp\/v2\/pages\/688","targetHints":{"allow":["GET"]}}],"collection":[{"href":"https:\/\/sig.iser.edu.co\/index.php\/wp-json\/wp\/v2\/pages"}],"about":[{"href":"https:\/\/sig.iser.edu.co\/index.php\/wp-json\/wp\/v2\/types\/page"}],"author":[{"embeddable":true,"href":"https:\/\/sig.iser.edu.co\/index.php\/wp-json\/wp\/v2\/users\/1"}],"replies":[{"embeddable":true,"href":"https:\/\/sig.iser.edu.co\/index.php\/wp-json\/wp\/v2\/comments?post=688"}],"version-history":[{"count":87,"href":"https:\/\/sig.iser.edu.co\/index.php\/wp-json\/wp\/v2\/pages\/688\/revisions"}],"predecessor-version":[{"id":5754,"href":"https:\/\/sig.iser.edu.co\/index.php\/wp-json\/wp\/v2\/pages\/688\/revisions\/5754"}],"wp:attachment":[{"href":"https:\/\/sig.iser.edu.co\/index.php\/wp-json\/wp\/v2\/media?parent=688"}],"curies":[{"name":"wp","href":"https:\/\/api.w.org\/{rel}","templated":true}]}}