{"id":79,"date":"2017-02-01T22:54:12","date_gmt":"2017-02-01T22:54:12","guid":{"rendered":"http:\/\/www.apps.iser.edu.co\/sig\/?page_id=79"},"modified":"2024-02-05T23:01:48","modified_gmt":"2024-02-05T23:01:48","slug":"politicas-de-calidad","status":"publish","type":"page","link":"https:\/\/sig.iser.edu.co\/index.php\/politicas-de-calidad\/","title":{"rendered":"POL\u00cdTICA DE CALIDAD"},"content":{"rendered":"<h1><em>El Instituto Superior de Educaci\u00f3n Rural &#8211; ISER, est\u00e1 comprometido con el desarrollo rural y urbano de la regi\u00f3n y el pa\u00eds, a trav\u00e9s de la formaci\u00f3n de profesionales integrales, garantizando la prestaci\u00f3n del servicio educativo en t\u00e9rminos de equidad y oportunidad para los diferentes grupos poblacionales, basado en el mejoramiento continuo del Sistema Integrado de Gesti\u00f3n que satisfaga de manera eficiente, las necesidades y expectativas de los clientes internos y externos<\/em><\/h1>\n","protected":false},"excerpt":{"rendered":"<p>El Instituto Superior de Educaci\u00f3n Rural &#8211; ISER, est\u00e1 comprometido con el desarrollo rural y urbano de la regi\u00f3n y el pa\u00eds, a trav\u00e9s de la formaci\u00f3n de profesionales integrales, garantizando la prestaci\u00f3n del servicio educativo en t\u00e9rminos de equidad y oportunidad para los diferentes grupos poblacionales, basado en el mejoramiento continuo del Sistema Integrado <a href=\"https:\/\/sig.iser.edu.co\/index.php\/politicas-de-calidad\/\" rel=\"nofollow\"><span class=\"sr-only\">Read more about POL\u00cdTICA DE CALIDAD<\/span>[&#8230;]<\/a><\/p>\n","protected":false},"author":1,"featured_media":0,"parent":0,"menu_order":0,"comment_status":"closed","ping_status":"closed","template":"","meta":{"footnotes":""},"class_list":["post-79","page","type-page","status-publish","hentry"],"_links":{"self":[{"href":"https:\/\/sig.iser.edu.co\/index.php\/wp-json\/wp\/v2\/pages\/79","targetHints":{"allow":["GET"]}}],"collection":[{"href":"https:\/\/sig.iser.edu.co\/index.php\/wp-json\/wp\/v2\/pages"}],"about":[{"href":"https:\/\/sig.iser.edu.co\/index.php\/wp-json\/wp\/v2\/types\/page"}],"author":[{"embeddable":true,"href":"https:\/\/sig.iser.edu.co\/index.php\/wp-json\/wp\/v2\/users\/1"}],"replies":[{"embeddable":true,"href":"https:\/\/sig.iser.edu.co\/index.php\/wp-json\/wp\/v2\/comments?post=79"}],"version-history":[{"count":7,"href":"https:\/\/sig.iser.edu.co\/index.php\/wp-json\/wp\/v2\/pages\/79\/revisions"}],"predecessor-version":[{"id":5146,"href":"https:\/\/sig.iser.edu.co\/index.php\/wp-json\/wp\/v2\/pages\/79\/revisions\/5146"}],"wp:attachment":[{"href":"https:\/\/sig.iser.edu.co\/index.php\/wp-json\/wp\/v2\/media?parent=79"}],"curies":[{"name":"wp","href":"https:\/\/api.w.org\/{rel}","templated":true}]}}